t is the ten thousands digit of 249862?
4
What is the hundred thousands digit of 3120995?
1
What is the thousands digit of 451978?
1
What is the hundred thousands digit of 2140953?
1
What is the thousands digit of 445346?
5
What is the millions digit of 1261113?
1
What is the ten thousands digit of 238487?
3
What is the units digit of 6920799?
9
What is the hundred thousands digit of 387612?
3
What is the tens digit of 627363?
6
What is the ten millions digit of 33137604?
3
What is the thousands digit of 11552246?
2
What is the units digit of 22656?
6
What is the hundreds digit of 1613924?
9
What is the ten thousands digit of 4514456?
1
What is the ten thousands digit of 26859328?
5
What is the ten thousands digit of 30694?
3
What is the hundred thousands digit of 157375?
1
What is the tens digit of 62163?
6
What is the ten thousands digit of 2364171?
6
What is the thousands digit of 5251825?
1
What is the thousands digit of 767983?
7
What is the thousands digit of 7333997?
3
What is the hundreds digit of 1068305?
3
What is the units digit of 5514121?
1
What is the hundreds digit of 695680?
6
What is the thousands digit of 536368?
6
What is the hundreds digit of 17183025?
0
What is the units digit of 377193?
3
What is the ten millions digit of 13768061?
1
What is the thousands digit of 141525?
1
What is the units digit of 2461577?
7
What is the tens digit of 1160355?
5
What is the thousands digit of 147362?
7
What is the thousands digit of 22806?
2
What is the millions digit of 5105407?
5
What is the hundreds digit of 109539?
5
What is the ten thousands digit of 781860?
8
What is the hundred thousands digit of 3161936?
1
What is the hundreds digit of 692641?
6
What is the units digit of 402108?
8
What is the thousands digit of 1028043?
8
What is the thousands digit of 3242332?
2
What is the tens digit of 1444796?
9
What is the ten thousands digit of 35537?
3
What is the ten thousands digit of 534881?
3
What is the hundreds digit of 3007353?
3
What is the ten thousands digit of 51776?
5
What is the units digit of 172613?
3
What is the ten thousands digit of 2035381?
3
What is the hundred thousands digit of 2560293?
5
What is the ten thousands digit of 251385?
5
What is the tens digit of 512919?
1
What is the ten thousands digit of 21254507?
5
What is the ten thousands digit of 5096827?
9
What is the ten thousands digit of 1160725?
6
What is the tens digit of 138472?
7
What is the ten thousands digit of 6359140?
5
What is the tens digit of 348358?
5
What is the hundreds digit of 13557333?
3
What is the units digit of 2131885?
5
What is the thousands digit of 79096?
9
What is the units digit of 2260680?
0
What is the thousands digit of 26463009?
3
What is the tens digit of 6418582?
8
What is the tens digit of 1632491?
9
What is the thousands digit of 26385179?
5
What is the thousands digit of 436500?
6
What is the tens digit of 778604?
0
What is the ten thousands digit of 170151?
7
What is the thousands digit of 1434025?
4
What is the units digit of 269977?
7
What is the hundreds digit of 297633?
6
What is the ten thousands digit of 100628?
0
What is the ten thousands digit of 25296581?
9
What is the tens digit of 236952?
5
What is the hundred thousands digit of 334229?
3
What is the thousands digit of 26256064?
6
What is the tens digit of 391692?
9
What is the hundred thousands digit of 7346916?
3
What is the thousands digit of 276681?
6
What is the thousands digit of 420128?
0
What is the units digit of 290944?
4
What is the millions digit of 1731335?
1
What is the hundred thousands digit of 2772529?
7
What is the tens digit of 1906334?
3
What is the ten thousands digit of 21216610?
1
What is the ten thousands digit of 590026?
9
What is the thousands digit of 2336941?
6
What is the tens digit of 443553?
5
What is the thousands digit of 1360611?
0
What is the hundred thousands digit of 2730765?
7
What is the units digit of 484553?
3
What is the tens digit of 4075357?
5
What is the ten thousands digit of 5462529?
6
What is the units digit of 43046?
6
What is the units digit of 914118?
8
What is the tens digit of 140829?
2
What is the thousands digit of 746614?
6
What is the ten thousands digit of 497495?
9
What is the millions digit of 2285411?
2
What is the hundred thousands digit of 4804792?
8
What is the millions digit of 4055337?
4
What is the units digit of 1488182?
2
What is the ten thousands digit of 1392311?
9
What is the ten thousands digit of 3896427?
9
What is the hundred thousands digit of 1482138?
4
What is the hundred thousands digit of 213114?
2
What is the ten thousands digit of 25506713?
0
What is the thousands digit of 524034?
4
What is the hundreds digit of 2134806?
8
What is the thousands digit of 1222474?
2
What is the thousands digit of 23053557?
3
What is the hundreds digit of 1037262?
2
What is the hundred thousands digit of 923397?
9
What is the hundreds digit of 317911?
9
What is the ten thousands digit of 13860006?
6
What is the hundred thousands digit of 501531?
5
What is the millions digit of 15306309?
5
What is the units digit of 707342?
2
What is the ten thousands digit of 753593?
5
What is the thousands digit of 2525007?
5
What is the hundred thousands digit of 455837?
4
What is the thousands digit of 1236857?
6
What is the tens digit of 1472208?
0
What is the ten thousands digit of 16817087?
1
What is the ten thousands digit of 2689691?
8
What is the hundred thousands digit of 569887?
5
What is the hundred thousands digit of 5264702?
2
What is the hundred thousands digit of 23809091?
8
What is the hundreds digit of 46270?
2
What is the hundreds digit of 25263638?
6
What is the ten thousands digit of 217468?
1
What is the hundreds digit of 2475897?
8
What is the hundred thousands digit of 139636?
1
What is the units digit of 659552?
2
What is the units digit of 139966?
6
What is the ten thousands digit of 234579?
3
What is the millions digit of 4538707?
4
What is the ten thousands digit of 16398?
1
What is the units digit of 1413236?
6
What is the units digit of 5840441?
1
What is the hundreds digit of 1498341?
3
What is the ten thousands digit of 21957780?
5
What is the units digit of 1026801?
1
What is the tens digit of 134274?
7
What is the ten thousands digit of 6445748?
4
What is the thousands digit of 2132878?
2
What is the ten thousands digit of 155001?
5
What is the hundred thousands digit of 1120599?
1
What is the thousands digit of 593902?
3
What is the millions digit of 5003725?
5
What is the hundreds digit of 1125740?
7
What is the hundred thousands digit of 279588?
2
What is the millions digit of 8534154?
8
What is the ten thousands digit of 541783?
4
What is the units digit of 370744?
4
What is the thousands digit of 581951?
1
What is the ten thousands digit of 5360048?
6
What is the thousands digit of 997205?
7
What is the units digit of 2382895?
5
What is the ten thousands digit of 707976?
0
What is the tens digit of 894292?
9
What is the tens digit of 218695?
9
What is the hundred thousands digit of 4673545?
6
What is the thousands digit of 1531097?
1
What is the units digit of 305953?
3
What is the tens digit of 39223?
2
What is the millions digit of 7044174?
7
What is the hundred thousands digit of 7780394?
7
What is the units digit of 166946?
6
What is the units digit of 194064?
4
What is the units digit of 99145?
5
What is the hundred thousands digit of 126771?
1
What is the hundred thousands digit of 19610844?
6
What is the ten thousands digit of 1623747?
2
What is the ten thousands digit of 350159?
5
What is the ten thousands digit of 21235911?
3
What is the tens digit of 177117?
1
What is the ten thousands digit of 4603173?
0
What is the ten thousands digit of 1564827?
6
What is the millions digit of 1123835?
1
What is the hundreds digit of 1196365?
3
What is the millions digit of 14109702?
4
What is the hundreds digit of 18356079?
0
What is the tens digit of 1404711?
1
What is the thousands digit of 4031813?
1
What is the hundred thousands digit of 2417463?
4
What is the units digit of 598873?
3
What is the units digit of 255259?
9
What is the thousands digit of 21767511?
7
What is the tens digit of 24467631?
3
What is the hundreds digit of 1052956?
9
What is the tens digit of 381740?
